e 0 = 4*o - u*s - 52, -4*s - s = -2*o + 26. Let c = 12 + o. What is the remainder when c is divided by 9?
7
Suppose 0 = -2*x - 14 + 20. Suppose 8*u = -x*u + 3828. What is the remainder when u is divided by 25?
23
Let v be (-3)/(-1) - (0 - -1). Let w(z) = 0*z**3 - 5*z**2 + z - z**3 + 4 + 3*z**v + 0*z**2. What is the remainder when 27 is divided by w(-3)?
7
Let n = 0 + 14. Let z = -793 - -1343. Suppose -5*y + z = 5*y. Calculate the remainder when y is divided by n.
13
Let d be (-4)/6 + (-86)/(-3). Let m = d - -34. What is the remainder when m is divided by (-1)/7 + 3164/196?
14
Let u(y) = y**3 + 8*y**2 + 3*y - 6. Let v be (5 - 3)*7/(-2). Calculate the remainder when u(v) is divided by (8/(-10))/(10/(-150)).
10
Suppose 2090 = 15*a - 5110. Suppose 9*c - a = 330. What is the remainder when c is divided by 24?
18
Let q = 30 + -27. Suppose 5*w + q*l = 57, 3*w - 52 + 20 = -4*l. What is the remainder when 46 is divided by w?
10
Suppose 8*v - 5*v + 6 = 0. What is the remainder when 36 is divided by (-20)/(v*(3 + -2))?
6
Let w(t) be the second derivative of -t**3 + 7*t**2/2 + t. Let g be w(6). What is the remainder when 4*(-1 + 0) - g is divided by 9?
7
Calculate the remainder when 54 is divided by (6/4)/((-3)/(-28)).
12
Let b = 206 + -116. Let m = -2 + 6. Suppose -7*a + m*a = -b. What is the remainder when a is divided by 8?
6
Let t(b) = -3*b - 15. Suppose 3*h = 4*h - 2*a + 8, 2*h - 5*a = -16. Calculate the remainder when t(h) is divided by 6.
3
Suppose -2040 = -23*h + 3*h. What is the remainder when h is divided by 27?
21
Let c(t) = -t**2 + 21*t + 97. What is the remainder when c(23) is divided by (-2 - 0)*26/(-4)?
12
Let k(s) = 6*s + 14 + 15 + 16*s**2 - 27. What is the remainder when k(-2) is divided by 19?
16
Let f(i) = -153 - i + 53 + 4*i + 2*i. What is the remainder when f(29) is divided by 12?
9
Let h = 28 - -68. Suppose -3*g = -159 - 36. Let w = h - g. Calculate the remainder when w is divided by 8.
7
Suppose -j = -12 + 10. Suppose -j*n + 8*n - 954 = 0. What is the remainder when n is divided by 18?
15
Let x be (18/54)/(2/6). Let q(f) = 12*f**2 + 3*f - 2. Suppose m + 0*m + 3 = 0, 4*m = -4*g + 140. What is the remainder when g is divided by q(x)?
12
What is the remainder when (1 + (-18)/(-12))/(2/372) is divided by 78?
75
Let q(c) = 5*c + 7. Let l be q(-3). Calculate the remainder when 41 is divided by (l - -19) + (1 - 1).
8
Let a = 56 - 38. What is the remainder when 44 is divided by 20/(-6)*(-81)/a?
14
Let i(n) = -2*n + 5. Let w be i(6). Let p be (-7 - w)/(-1 - 2). Suppose -5*b + 3*u + 43 = p, -b - 1 = 4*u - 5. Calculate the remainder when 31 is divided by b.
7
Let u(k) = 4*k + 3. Let t be u(5). Let q = 65 - t. Let y = 60 - q. What is the remainder when y is divided by 10?
8
Let a(h) = 56*h**2 + 20*h - 48. What is the remainder when a(3) is divided by 26?
22
Let r be 3/(-6) + (-14)/(-4). Suppose -5*n = 15, r*n - 74 - 352 = -3*v. Suppose -v - 51 = -4*c. Calculate the remainder when c is divided by 13.
10
Suppose -p - 3*p + 5*a = -83, 10 = 2*a. What is the remainder when p is divided by (28/(-6))/(2/(-3))?
6
Let r(z) = z**2 - 33*z + 34. What is the remainder when r(33) is divided by 12?
10
Let m(u) = -7 - u**3 - 8*u**2 - 5*u**2 - 8*u**2 + 27*u**2 - 3*u. Calculate the remainder when m(-5) is divided by 22.
19
Suppose 6*g = 3*g + 9. Suppose g*u + 4*q = 6*u - 83, -3*q = -3. What is the remainder when 85 is divided by u?
27
Suppose 52*a - 30*a - 1056 = 0. Let k = 2 - -16. What is the remainder when a is divided by k?
12
Suppose -83*t = -106*t + 22011. What is the remainder when t is divided by 12?
9
Let b be 2/(-9) + 4128/108. Suppose -4*q = -g + 25, 5*g - q + 8 = b. Calculate the remainder when g is divided by 4.
1
Let s(g) = -30*g + 450. What is the remainder when 282 is divided by s(12)?
12
Let v(j) = j**3 + 8*j**2 + 3*j - 13. Let p be v(-7). Suppose -12*r - 285 = -p*r. Calculate the remainder when r is divided by 12.
11
Let x(r) = 9 + 8 + 6 + r + 4. Calculate the remainder when 82 is divided by x(-13).
12
Suppose -10 = 3*u - 4*a + 10, 0 = u + a + 16. Let w = -10 - u. Let k(c) = 16*c - 1. Calculate the remainder when k(w) is divided by 11.
9
Let i = -36 - -60. Let y = -6866 - -6881. What is the remainder when i is divided by y?
9
Suppose -54*f = -339 - 11001. Calculate the remainder when f is divided by 54.
48
Let j(v) = -2*v**2 - 2*v. Let t be j(-2). Calculate the remainder when 87 is divided by (360/26 - t) + (-4)/(-26).
15
Suppose -24*y = -31*y. Suppose 5*p - 11 = d, y = d - 0*p - 3*p + 1. Calculate the remainder when 55 is divided by d.
13
Let z be ((-64)/12 - -6)/(4/(-6)). Calculate the remainder when 0/7 - (-27 + z) is divided by 10.
8
Suppose 3*g + 122 = 5*g. Suppose 3*m - y - g = 0, 2*m = -3*y - 2*y + 35. Calculate the remainder when 283/5 - 6/(-15) is divided by m.
17
What is the remainder when 286 is divided by (-186)/(-279) + (-1)/((-6)/68)?
10
Let q(x) be the second derivative of x**5/20 + 3*x**4/4 + x**3 - 9*x**2/2 - x. Calculate the remainder when (-9)/(-15)*5*6 is divided by q(-8).
4
Let x be 3/(9/4)*(13 - 4). Suppose a = x - 6. Calculate the remainder when 17 is divided by a.
5
Suppose -4*l + 1 = -f - 4, -4*f - 4 = 0. Let s = 5 - -17. Calculate the remainder when s is divided by 0 - l - 147/(-21).
4
Suppose -5*l + 124 = -486. Suppose -l = -3*p - 50. Suppose -4*z = -102 - 82. What is the remainder when z is divided by p?
22
What is the remainder when 3*2/(-18)*-204 is divided by 10?
8
Let h(o) = -o**2 - 9*o - 5. Suppose 0 = d + 2*i - 15, 4*i + 6 = -6. Let c be (-10)/(-35) + (-132)/d. Calculate the remainder when 25 is divided by h(c).
12
Let i(b) = 70*b**2 + 9*b + 22. Calculate the remainder when i(-2) is divided by 48.
44
Let b be -3 + (191 - (2 - 2) - -1). Suppose -124 = -2*l - 2*y, 0 = 3*l - 0*y + 2*y - b. Calculate the remainder when l is divided by 17.
14
Let z = -488 + 591. What is the remainder when z is divided by 2?
1
Calculate the remainder when (-4)/(-26) - ((-3892)/(-52))/(-1) is divided by 25.
0
Suppose 6*w - w = 0. Suppose w*r - 40 = -2*r. What is the remainder when 73 is divided by r?
13
Let h = -353 + 524. Calculate the remainder when h is divided by 16.
11
Suppose -3*i = -7*i + 160. Let p = -15 + i. What is the remainder when 73 is divided by p?
23
Let x(k) = -3*k - 23. Let c be x(-9). Suppose 5*s - y - 967 = 0, c*s - y + 3*y = 782. What is the remainder when s is divided by 28?
26
Suppose -7*w - 180 = -37*w. What is the remainder when 70 is divided by w?
4
Suppose -g + 2 = 0, -t + 0*t = 2*g + 74. Let d = t - -137. Calculate the remainder when d is divided by 16.
11
Suppose -108 = -6*n + 42. Let s(v) = v**3 + 6*v**2 + 6*v + 15. Calculate the remainder when n is divided by s(-5).
5
Calculate the remainder when 11 + 627/(-55) - (-3472)/5 is divided by 17.
14
Suppose -5*y = -5*k - 45, k - 4*y = -k - 12. Let o = 3 - k. Calculate the remainder when 27 is divided by o.
12
Let f(m) be the third derivative of -m**6/120 - m**5/6 + 3*m**4/4 + 3*m**3/2 - 9*m**2. Calculate the remainder when f(-12) is divided by 14.
11
Suppose 20*p - 2778 = -1558. What is the remainder when 243 is divided by p?
60
Calculate the remainder when (-708)/(-10) + (156/30 - 6) is divided by 25.
20
Let w = 328 + -245. Calculate the remainder when w is divided by 42.
41
Let s(n) = n**3 + 18*n**2 - 21*n + 7. What is the remainder when s(-19) is divided by 27?
18
Suppose h = 4 - 2, 0 = n - 4*h - 38. Calculate the remainder when n is divided by 24.
22
Let j be 5 + ((-6)/(-1))/(-2). Let q = 4 - j. Suppose q*b + 10 = 0, 0*z - 2*z + 4*b = -86. Calculate the remainder when z is divided by 9.
6
Let h(d) = -9*d**2 + 115*d - 14. Calculate the remainder when h(12) is divided by 25.
20
Let t = -272 + 102. Let h = 59 + t. What is the remainder when 35 is divided by 4/(-8) - h/6?
17
Suppose -3*k = 4*f - 3, -k + 1 = -5*f - 0. Suppose -2*h = -4, -5*r - 3*h = -f*h - 41. Calculate the remainder when 11 is divided by r.
4
Suppose -538 + 1473 = 55*h. What is the remainder when 147 is divided by h?
11
Let m be ((-80)/(-12))/(1/(-3)). Let b = m - -46. Suppose -3*h = -2*t + 28, 4*t - 5*h = b + 26. What is the remainder when 36 is divided by t?
4
Let q(d) = 1 - 4*d + 11*d + 15*d. Calculate the remainder when q(2) is divided by 16.
13
Suppose 0 = -5*d + d. Let o(y) = -2*y +